*i. Let z(a) = a + 17. List the prime factors of z(i).
17
Let n(p) = p**3 - 4*p**2 - p - 7. Let z be n(5). Suppose -4*o = -z + 5. Suppose o*h + 2*u - 46 = -2*h, 0 = 3*h - 5*u - 54. List the prime factors of h.
13
Let x(d) = -d**2 - 5*d + 2. Let p be x(-5). Suppose -p*i + 23 + 13 = 0. Suppose -3*k + 9 = -i. What are the prime factors of k?
3
Suppose -q - 2*r - 2 = -3*r, -q = r - 8. Suppose -q*y = -31 - 29. List the prime factors of y.
2, 5
Let s = 157 + -99. What are the prime factors of s?
2, 29
Let n = -1 - -21. List the prime factors of n.
2, 5
Let m = 40 - 28. Suppose -3*z = -m, -f = z - 2*z - 3. List the prime factors of f.
7
Suppose 0 = h - 6*h + f + 899, -2*h + 370 = -3*f. List the prime factors of h.
179
Let n(u) = u**3 + 5*u**2 - 6*u + 6. Let k = 10 + -16. List the prime factors of n(k).
2, 3
Let i = -9 + 0. Suppose -5*q + 76 = -q. Let z = i + q. What are the prime factors of z?
2, 5
List the prime factors of ((-24)/15)/(2/(-55)).
2, 11
List the prime factors of (-10)/(-4 - -9) - -5.
3
Let u(h) be the first derivative of h**2/2 + 2. Let i be u(5). Suppose -20 - 15 = -i*n. What are the prime factors of n?
7
What are the prime factors of 16/6*450/40?
2, 3, 5
Suppose 3*n - 38 = -g + 4, -n - 54 = -g. What are the prime factors of g?
3, 17
Let q = 11 + 9. Suppose w + q = -4*w. List the prime factors of ((-9)/2)/(1/w).
2, 3
Suppose -21 = 4*o - 1. Let u = o - -4. Let n = u - -6. What are the prime factors of n?
5
Suppose -5*s + 0*k = 3*k - 165, -5*s + 2*k = -140. Let u = 2 + -2. Suppose u = -4*i - 2 + s. What are the prime factors of i?
7
Suppose 1 = -b + 5. Let o = -2 + b. Suppose -o - 6 = -i. What are the prime factors of i?
2
Let h = -5 - -4. Let v be h/((-3)/(-9)*-1). Suppose 2*r = -5*o + 4*r + 103, -66 = -v*o - 3*r. What are the prime factors of o?
3, 7
Suppose -m - 2 = 0, -11 + 109 = 5*w + m. Suppose 4*z + 3*n = 7, -4*n = -z - z + w. What are the prime factors of z?
2
Suppose 0*k + k - 5*y = 102, 5*k - 3*y = 620. List the prime factors of k.
127
Let x be -3*3/(9/4). Let q(j) be the third derivative of j**5/60 - 5*j**3/6 + 2*j**2. List the prime factors of q(x).
11
Let g(y) = y**3 - 7*y**2 - 8*y - 2. Let z be g(8). Let d be (-2)/(-2)*z + -7. Let i = -4 - d. What are the prime factors of i?
5
Suppose -1635 + 95 = -5*d. List the prime factors of d.
2, 7, 11
Suppose 190 = 5*j - 335. List the prime factors of j.
3, 5, 7
Let c(j) = -j**3 + 9*j**2 - 2*j + 3. Let b be c(4). Suppose 5*l - b + 25 = 0. What are the prime factors of l?
2, 5
Let v be (6/(-15))/((-2)/10). Let x be v/(-8) + 18/8. Suppose -3*n = -x*n - 18. What are the prime factors of n?
2, 3
Suppose n - 167 = -4*n - 3*f, -4*n = -3*f - 112. Let x(z) = 3*z**2 - 5*z - 7. Let w be x(5). Let i = w - n. What are the prime factors of i?
2, 3
Suppose -3*r + 59 = -3*o - 16, 2*r - 25 = o. Suppose 2*f + 5*h + 50 = -3*f, 0 = 3*h - 15. Let s = f - o. What are the prime factors of s?
2, 5
Suppose 5*m - 11 - 29 = 0. Suppose -m*i = -4*i - 20. What are the prime factors of i?
5
Let d(l) be the first derivative of -l**5/20 + l**4/2 + l**3/6 + 3*l**2 + 2*l - 3. Let v(j) be the first derivative of d(j). List the prime factors of v(6).
2, 3
Let k be (-3 - 1)*3/(-4). Suppose -12 = -2*r - z - 3, -r - k*z = -17. List the prime factors of ((-3)/6)/(r/(-16)).
2
Suppose 0 = -f + 4*u - 21, -7 = 4*u - 23. Let k = f + 11. What are the prime factors of k?
2, 3
What are the prime factors of 208/64 + (-1)/4?
3
Let q(x) = -x**3 - 5*x**2 + 3*x + 4. Let u be q(-5). Let d = 34 + u. List the prime factors of d.
23
Let f(m) = m**2 + 2*m - 5. Let t be (-14)/3 - (-2)/3. Let q be f(t). Suppose -3*y - 2*c - 2*c = -16, q*y = -3*c + 15. List the prime factors of y.
2
Suppose 0 = i - 3*i + 6. Suppose -54 + 165 = i*v. List the prime factors of v.
37
Let a be 6/(-27) - (-164)/9. List the prime factors of a + 1 + 3 + -2.
2, 5
Let k(x) = x**3 - 5*x**2 - 6*x - 5. Let m be k(6). Let y = 0 - m. Suppose 3*t = 3*p + t - 32, -y*p + 3*t + 52 = 0. List the prime factors of p.
2
Let a be (0 - 0)/((-3)/3). Let f be (-1 - (a - 0))*5. Let p = 14 + f. What are the prime factors of p?
3
Let r be 2/(-6) + 136/12. Suppose 5*b - r - 104 = 0. Suppose 5*k - b = -3. List the prime factors of k.
2
Let p = 23 + -15. List the prime factors of p.
2
Suppose w - 5*j - 17 = 0, w + j = -w + 45. What are the prime factors of w?
2, 11
Let v(j) = 13*j + 1. Let b be v(5). Suppose -2 = 3*t - 2*t, -b = -4*k + 5*t. List the prime factors of k.
2, 7
Suppose -5*t - 2*p = -5*p + 9, 3*t + 3*p - 9 = 0. Suppose 2*o + 9 - 31 = t. List the prime factors of o.
11
Suppose -4*r + 25 = -191. Let p(y) = y**3 + 5*y**2 + y + 5. Let b be p(-5). Suppose b = -5*k + 2*k + r. List the prime factors of k.
2, 3
Suppose -n + 636 = 3*h, -2*n + 3 = -3*n. What are the prime factors of h?
3, 71
Suppose -n + b = -b - 6, 5*n = 2*b + 70. Let w(i) = 2*i - 2. What are the prime factors of w(n)?
2, 3, 5
Let r be (2/3)/((-8)/48). Let x = 30 + r. List the prime factors of x.
2, 13
Suppose 2*i + 596 - 21 = 3*f, -4*f + 772 = -4*i. What are the prime factors of f?
3, 7
Let v be 5/((-5)/(-3)) - 3. Suppose -3*g - f + 35 = v, -3*f - 39 = -4*g + g. List the prime factors of g.
2, 3
Suppose 5*i - 96 = i. What are the prime factors of i?
2, 3
Suppose 0*r - 12 = 2*r. What are the prime factors of r/(-27) - 248/(-18)?
2, 7
Let n be (1 + 3)*(-130)/(-8). Suppose 91 = 5*u + g, 4*g + n = 3*u + 2*g. List the prime factors of u.
19
Suppose 5*z - 11*z + 870 = 0. List the prime factors of z.
5, 29
Let y(h) = h**2 + 13*h. List the prime factors of y(-15).
2, 3, 5
Let m = 23 + 237. What are the prime factors of m?
2, 5, 13
Let z = -9 + 12. Let g(s) = s. Let a be g(6). Let p = a - z. What are the prime factors of p?
3
Suppose 0 = 4*z - 2 + 22. Let a = 8 + z. Suppose 0 = a*t - 9 - 6. List the prime factors of t.
5
Let r = -11 + 35. Suppose -2*s = 2*s - r. List the prime factors of s.
2, 3
Let u(a) = 15*a - a**2 - 9*a - 3 - 1 - 12*a. List the prime factors of u(-4).
2
Suppose 0 = -3*s + n + 27, 2*s - n - 2*n - 18 = 0. What are the prime factors of s?
3
Let b be 2 - (-2 - (25 + 3)). Let w = b - -23. What are the prime factors of w?
5, 11
Let o(n) = n**3 + 3*n**2 - n - 1. Let y be o(-3). List the prime factors of (-1 - y)/(-1*1).
3
Let r(u) = 6*u**2 - 3*u - 1. Let j be 3/(-3 + 6)*-2. Let f be r(j). Suppose -5*t = -t - 20, -2*g = 3*t - f. List the prime factors of g.
7
Let u be (-58 + 1)/((-6)/8). Suppose -5*k + 2*x = 3*x - u, -5*k = 3*x - 78. List the prime factors of k.
3, 5
Suppose -13*s - 8*s + 7119 = 0. What are the prime factors of s?
3, 113
Let u be 3/(6/16) - 2. Suppose -q + 5*j = q + 11, u = -2*q + 4*j. List the prime factors of q.
7
Let y be 1*232/(4/2). Suppose -4*z = -f - y, f = -f + 8. What are the prime factors of z/4 - (-2)/4?
2
Let s(q) = q + 8. What are the prime factors of s(6)?
2, 7
Let c(m) = -m**2 + 9*m. Let v be c(9). Let r(y) = y**3 - y**2 + y + 4. List the prime factors of r(v).
2
Let l(b) = -b**2 + 5*b - 1. What are the prime factors of l(2)?
5
Suppose -b - 3*x + 125 = 0, -5*b = 2*x - 3*x - 689. List the prime factors of b.
137
Suppose -4*w + r = -5*w + 5, -5*w + 33 = -3*r. Suppose 0 = 3*d + 4*o - 127, -4*d + 0*d - 5*o = -170. What are the prime factors of 2*(d/w - -1)?
17
Let u(w) = -w + 27. Let m be u(11). Suppose 14 = 3*v - m. List the prime factors of v.
2, 5
Let y(c) = -13*c - 2. Let z = 23 + -24. List the prime factors of y(z).
11
Let p = 309 - 179. List the prime factors of p.
2, 5, 13
Suppose 3*w = -w + 16. Let s(p) = 2*p + 5. What are the prime factors of s(w)?
13
Let y(w) = -w**3 - 8*w**2. Let d be y(-8). Suppose h + 12 = x, 0 = -d*h - 2*h - 6. What are the prime factors of x?
3
Let c = 1 - -9. List the prime factors of c.
2, 5
Suppose -3*o - 3*z + 36 = 0, 2*o = -2*z + 3*z + 39. Suppose 3*c + 3*m - o = -m, -3 = c - 3*m. List the prime factors of c.
3
Suppose 2*b - 1 = 3*b. Let c be b/3 + 6/(-9). What are the prime factors of (c - 1)/((-12)/66)?
11
Suppose -23 = -3*t + 22. Let d be -4 - 32/(-4) - (-1 - 0). Suppose d + t = 2*s. List the prime factors of s.
2, 5
List the prime factors of (117/(-6))/(2/(-4)).
3, 13
Let v(s) = -s**3 - s**2 + 3. Let a be v(0). Suppose 4*d = 19 - a. What are the prime factors of d?
2
List the prime factors of ((-248)/(-5))/(40/100).
2, 31
Let t(w) be the third d